 169. What is the units digit of z?
2
Suppose -4*y + 461 - 41 = 0. What is the units digit of y?
5
What is the tens digit of (-3 + 1866)/3 - (2 - 1)?
2
Let p = 6 - 7. Let u be -1 + p*(-24)/3. What is the tens digit of (-150)/(-14) + 2/u?
1
Suppose 0 = -8*r - 1044 + 4156. What is the hundreds digit of r?
3
Suppose -1 - 9 = -d. Let g = 13 - d. Suppose -37 = -g*q + s, 2*s + 2 = -0. What is the tens digit of q?
1
Let q be (357/12)/(-7)*-4. Suppose -5*l - 19 = 2*m, -m + 0*l = 5*l + q. Let d = 3 + m. What is the units digit of d?
1
Let m = -146 - -155. Let v(j) be the second derivative of -j**4/12 + 5*j**3/3 - 3*j**2 + j. What is the units digit of v(m)?
3
What is the thousands digit of (-26)/78 - 32512/(-12)?
2
Let t(w) = 3*w + 14*w**2 - 4 - 5*w + w**3 + w. Let q be t(-14). Let m = 5 + q. What is the tens digit of m?
1
Let n(w) = 2*w + 31. Let z be n(-7). Let i = 244 - z. What is the units digit of i?
7
Let s(r) = -2*r**2 - 3*r - 2. Let p be s(-3). Let u = -32 + 18. Let c = p - u. What is the units digit of c?
3
Suppose -5*t - 4*n = -222, -5*n + 16 = -4*t + 210. Suppose -c = -0*c + 5*s - 1, -2*c + s = -t. What is the units digit of (-4 - -18)*54/c?
6
Suppose 1 + 18 = 19*m. Let w be 0 + (-14 - 2)/2. What is the tens digit of (-40)/m*w/20?
1
Let a(v) = -v**2 + 6*v + 32. Let r be a(9). Let q = 162 - 78. Suppose -q = -4*k + n, -r*n + 1 - 43 = -2*k. What is the units digit of k?
1
Let a(j) = j**2 - j - 7. Let i be a(4). Let k(l) = 4*l. Let w be k(1). Suppose p + s = 31, w*p = i*s - 10*s + 126. What is the tens digit of p?
2
What is the tens digit of (-976)/(-2) - (6 - 3)?
8
Suppose -24 = -k + 53. What is the tens digit of k?
7
Let o(c) = -4*c + 66. What is the units digit of o(6)?
2
Let w(k) be the third derivative of -k**4/24 + 8*k**3/3 - 3*k**2. Let g be w(11). Suppose 0*z = g*z - 170. What is the tens digit of z?
3
Suppose -12028 = -3*b - 2*h, 8*b - 3*h = 5*b + 12048. What is the tens digit of b?
1
Let o(f) = -4*f + 20. Let l be o(10). Let p(j) = -j**2 - 21*j - 15. Let g be p(l). Suppose g*d = 83 + 182. What is the tens digit of d?
5
Let b(t) = 2 - 1 - 5 + t + 2. Let w be b(6). Suppose 0 = w*l - 4*k - 56, l + 4*l - 70 = -2*k. What is the tens digit of l?
1
Suppose 52 = -4*y - 3*c, c = 6*y - y + 46. Let m(n) = n**2 + 10*n - 4. Let l be m(y). What is the tens digit of (-2)/l*(67 - 1)?
3
Let t(a) = a**2 + 3*a - 10. Let b(u) = -3*u**2 - 8*u + 29. Let k(h) = -3*b(h) - 8*t(h). Let x be k(3). Suppose x*g = -0*g + 44. What is the units digit of g?
2
Suppose 5*t = 4*j - 200, 3*j + 2*t - 6*t = 149. Suppose 0 = 2*d + j - 301. What is the tens digit of d?
2
Let i(z) = z**2 + 5*z - 10. Let f be i(-12). Let l = f + -55. What is the tens digit of l?
1
Let l(f) = 82*f + 9. Let z be l(-5). Let i = 645 + z. Suppose -4*g + 0*j + i = -4*j, -5*g + 321 = -j. What is the tens digit of g?
6
Let u(b) = -b - 1. Let p be u(-4). Let n(h) = -p*h + 6*h + h**2 + 5*h - 1. What is the units digit of n(-9)?
8
Let j(r) = r**3 + 3*r**2 - 3*r - 1. Let s be j(-3). Let p(x) = 11*x**2 - 13*x**2 - 4*x - 9 + 3*x**2. What is the tens digit of p(s)?
2
Let p(o) = 42*o - 43. What is the units digit of p(4)?
5
Let z = 3389 - 749. What is the thousands digit of z?
2
Let z(f) = -f**3 + 3*f**2 - 2*f + 1. Let y be z(2). Let v be (2/6)/(21/(-1827)). What is the tens digit of -3 + 1 - (v + y)?
2
Let i = -18 - -20. Suppose -46 + 10 = -i*r. Suppose 4*n - r = 6. What is the units digit of n?
6
Suppose -s = -2*x + 1327, 5*x - 3*s + 6*s - 3345 = 0. What is the hundreds digit of x?
6
Suppose -2*t = -0*t - 4*k - 14, 0 = t + 3*k - 32. Let x = t + -18. What is the units digit of (-7)/x - (-5 - -5)?
7
Let w = -373 - -876. What is the tens digit of w?
0
Suppose o + 3*o = 16. Suppose -j = 2*i - 218, 537 + 363 = o*j + i. What is the units digit of j?
6
Suppose 4*l - 104 + 32 = 0. What is the tens digit of l?
1
Let f be -4*2/8*-3. Suppose k = -0*k + f. Suppose -2*r + 65 = 5*d, -4 = -k*d + 3*r + 35. What is the units digit of d?
3
Let z be (-112)/(-42)*(-309)/(-4). Suppose -38 = 7*f - z. What is the tens digit of f?
2
Suppose -6*t = -4*t. Let n(j) = -j**2 + j + 16. What is the tens digit of n(t)?
1
Suppose 2*q + 3*o + 12 = 0, -10*o = -2*q - 7*o - 24. What is the tens digit of (-839)/q - (-2)/(-9)?
9
Suppose -5*w = 2*t + 3*t, 0 = -t - 5. Let m(q) = 14*q - 22. What is the tens digit of m(w)?
4
What is the hundreds digit of ((-10706)/265)/(5/((-650)/4))?
3
Suppose -3*x + 6 - 3 = 0, 187 = u + x. What is the hundreds digit of u?
1
Let m = 914 + -267. What is the tens digit of m?
4
Let v be -2 - -2 - 3 - -4. Let o = 1 - v. Let q = o + 6. What is the units digit of q?
6
Let w be (2 - -1)/3 + (0 - -2). Suppose 0 = -y - 4 - 1, -m + w*y = -101. What is the units digit of m?
6
Let i(p) = 103*p**2 - p + 3. Let f(g) = 2*g - 9. Let m be f(5). What is the tens digit of i(m)?
0
Suppose -14*j - 80 = -10*j. Let k = j + 27. What is the units digit of k?
7
Let w be (4 - 4/(-1)) + -4. Suppose 5*q + 7 = z + z, w*z - q = 59. What is the tens digit of z?
1
Let a(v) = 6*v**2 + v. Let p be a(1). Suppose p = d + 2. What is the units digit of d?
5
Let p(s) = -16 - 2*s - s - 4*s. Let t be p(-5). Suppose -2*g = -g - t. What is the tens digit of g?
1
Let j = -18 - -28. Suppose 4*s = 2*c + j, 2*s + 4 = -c + 3. Let l(w) = 7*w**2 + 1. What is the units digit of l(s)?
8
Suppose -3*t + 12 = 3*t. What is the units digit of (-1 - (-1)/t)/((-5)/390)?
9
Suppose 0 = -4*f - 516 - 664. Let o = 503 + f. What is the units digit of o?
8
Let y be 8/(64/30) - 1/(-4). Suppose 3*b = y*a + 19, 8*b - 3*b - 4*a = 45. What is the tens digit of b?
1
Let o be 2 - (0 - 0) - 0. Let r = -581 - -638. Suppose -w = o*w - r. What is the tens digit of w?
1
Let b = -105 + 253. Let s = 209 - b. What is the units digit of s?
1
Let v = -542 - -1290. Suppose 4*q + v = 8*q. What is the units digit of q?
7
Let b = -1138 + 361. What is the tens digit of 2*(b/(-6))/7?
3
Let n = -18 - 6. What is the tens digit of 555/(-6)*n/20?
1
Let m(j) = 4*j**2 - j. Let u be m(-1). Suppose u*x = 2*w + 3*w - 70, -w + 26 = 2*x. What is the units digit of w/5*(-90)/(-12)?
7
Let u(y) = y**2 + y - 6. Let h be u(-4). Suppose h*q - 29 - 25 = 0. Suppose -57 = -3*f + q. What is the tens digit of f?
2
Let z(o) = 39*o + 2. Let h be z(1). Suppose -5*s - 4*m = -166, -2*s + 2*m = -29 - h. What is the tens digit of s?
3
Let r(g) = -2*g**3 - 4*g**2 - 3*g - 2. Let k(x) = 3*x**3 + 4*x**2 + 4*x + 3. Let j(o) = 3*k(o) + 4*r(o). Let a = -25 + 30. What is the units digit of j(a)?
6
Let c = 1403 + -87. What is the hundreds digit of c?
3
Let t be 2/((10/(-30))/(0 + -1)). Suppose 0 = v - t*c + 3*c - 219, 5*c = 0. What is the tens digit of v?
1
Suppose 0 = -4*m - 2*b + 13344, -2*b - 9507 = -4*m + 3821. What is the hundreds digit of m?
3
Suppose 6*r = 10*r - 8. What is the tens digit of (628/2)/r + -3 + -1?
5
Suppose -l + 6052 = 2*b, -3*b - 3*l + 6052 = -b. What is the hundreds digit of b?
0
Suppose -2*b + 4*k + 1314 + 764 = 0, -5234 = -5*b - 3*k. What is the thousands digit of b?
1
Let x = -9 - -12. Suppose -x*l = -6*l. Let c = l - -1. What is the units digit of c?
1
Suppose -5*a = -4*h + 11 - 39, 2*a = 5*h + 1. Let t = a - 3. Suppose t*j + 3*y = 7*j - 21, j + 17 = -4*y. What is the units digit of j?
3
Let i(l) = 11*l**2 + 3*l - 22. What is the hundreds digit of i(-6)?
3
Let p be (-10)/(-4)*(-20)/(-10). What is the tens digit of -1 - (-84)/5*(p - 0)?
8
Let t be (-262 - 0)*(-4 + 3). Suppose -4*c + t = 2*v, -8*v + 12*v = c - 88. What is the units digit of c?
8
What is the hundreds digit of (-16780)/(-8) + -1 - 4/(-8)?
0
Suppose 15*r - 2602 = 5813. What is the units digit of r?
1
Suppose -l - 2*p = -2381, 4*p = 3*l + 151 - 7284. What is the tens digit of l?
7
Let t = -1532 - -1824. What is the tens digit of t?
9
Let s = -3541 - -5272. What is the tens digit of s?
3
Let y(z) = -77*z - 102. What is the hundreds digit of y(-8)?
5
What is the thousands digit of (4/3)/((-444)/(-1178487))?
3
Let g = -4 + 5. Let x = 25 + g. Suppose 0 = -4*t + 22 + x. What is the tens digit of t?
1
Suppose -3*t + 35 = 4*t. Suppose -t*d + 616 = 196. Suppose 0*i + 2*i = d. What is the tens digit of i?
4
Let z(d) = d**3 + 3*d**2 - 4*d - 1. Let b be z(-4). Let n be b + 2 - 2/(-1). Suppose -p + 3 - 10 = -n*i, -4*p + 24 = i. What is the units digit of i?
4
